by 20?
17
What is the remainder when 132 is divided by 39?
15
Calculate the remainder when 1349 is divided by 52.
49
Calculate the remainder when 7490 is divided by 11.
10
What is the remainder when 53 is divided by 45?
8
Calculate the remainder when 212 is divided by 74.
64
Calculate the remainder when 785 is divided by 247.
44
What is the remainder when 207 is divided by 7?
4
Calculate the remainder when 557 is divided by 22.
7
What is the remainder when 323 is divided by 103?
14
What is the remainder when 213 is divided by 37?
28
What is the remainder when 45 is divided by 5?
0
What is the remainder when 127 is divided by 20?
7
What is the remainder when 670 is divided by 13?
7
What is the remainder when 545 is divided by 42?
41
What is the remainder when 120 is divided by 71?
49
What is the remainder when 2763 is divided by 921?
0
Calculate the remainder when 2659 is divided by 10.
9
What is the remainder when 492 is divided by 100?
92
What is the remainder when 121 is divided by 34?
19
Calculate the remainder when 160 is divided by 83.
77
What is the remainder when 171 is divided by 61?
49
Calculate the remainder when 555 is divided by 70.
65
What is the remainder when 413 is divided by 401?
12
What is the remainder when 420 is divided by 21?
0
Calculate the remainder when 309 is divided by 10.
9
What is the remainder when 74 is divided by 19?
17
What is the remainder when 321 is divided by 108?
105
Calculate the remainder when 625 is divided by 45.
40
What is the remainder when 1747 is divided by 25?
22
What is the remainder when 2451 is divided by 137?
122
What is the remainder when 208 is divided by 11?
10
Calculate the remainder when 119 is divided by 69.
50
What is the remainder when 159 is divided by 25?
9
Calculate the remainder when 137 is divided by 44.
5
Calculate the remainder when 350 is divided by 168.
14
Calculate the remainder when 141 is divided by 129.
12
Calculate the remainder when 59 is divided by 19.
2
What is the remainder when 186 is divided by 37?
1
What is the remainder when 182 is divided by 48?
38
Calculate the remainder when 131 is divided by 15.
11
What is the remainder when 202 is divided by 54?
40
Calculate the remainder when 321 is divided by 27.
24
What is the remainder when 2056 is divided by 40?
16
What is the remainder when 1034 is divided by 37?
35
What is the remainder when 359 is divided by 73?
67
What is the remainder when 798 is divided by 72?
6
What is the remainder when 411 is divided by 407?
4
Calculate the remainder when 520 is divided by 133.
121
Calculate the remainder when 1132 is divided by 1120.
12
What is the remainder when 472 is divided by 120?
112
Calculate the remainder when 2351 is divided by 48.
47
What is the remainder when 2935 is divided by 105?
100
Calculate the remainder when 4749 is divided by 44.
41
What is the remainder when 1737 is divided by 11?
10
Calculate the remainder when 176 is divided by 37.
28
What is the remainder when 143 is divided by 107?
36
What is the remainder when 47 is divided by 14?
5
What is the remainder when 573 is divided by 34?
29
Calculate the remainder when 277 is divided by 72.
61
What is the remainder when 2868 is divided by 82?
80
Calculate the remainder when 5217 is divided by 87.
84
What is the remainder when 620 is divided by 24?
20
Calculate the remainder when 53 is divided by 23.
7
What is the remainder when 12764 is divided by 15?
14
What is the remainder when 1245 is divided by 39?
36
What is the remainder when 193 is divided by 7?
4
What is the remainder when 177 is divided by 14?
9
What is the remainder when 4085 is divided by 67?
65
Calculate the remainder when 69 is divided by 10.
9
Calculate the remainder when 150 is divided by 41.
27
What is the remainder when 71 is divided by 25?
21
Calculate the remainder when 4683 is divided by 25.
8
What is the remainder when 7561 is divided by 31?
28
Calculate the remainder when 320 is divided by 65.
60
What is the remainder when 3167 is divided by 18?
17
What is the remainder when 2798 is divided by 61?
53
Calculate the remainder when 119 is divided by 48.
23
What is the remainder when 300 is divided by 288?
12
What is the remainder when 2536 is divided by 1265?
6
Calculate the remainder when 1126 is divided by 164.
142
What is the remainder when 525 is divided by 17?
15
What is the remainder when 2164 is divided by 1070?
24
What is the remainder when 25367 is divided by 12?
11
What is the remainder when 1606 is divided by 35?
31
Calculate the remainder when 2224 is divided by 70.
54
Calculate the remainder when 484 is divided by 18.
16
What is the remainder when 3225 is divided by 46?
5
What is the remainder when 125 is divided by 28?
13
Calculate the remainder when 26795 is divided by 66.
65
What is the remainder when 60 is divided by 34?
26
What is the remainder when 1249 is divided by 415?
4
What is the remainder when 1137 is divided by 79?
31
What is the remainder when 486 is divided by 253?
233
Calculate the remainder when 234 is divided by 14.
10
Calculate the remainder when 223 is divided by 65.
28
What is the remainder when 702 is divided by 103?
84
Calculate the remainder when 3324 is divided by 8.
4
What is the remainder when 513 is divided by 86?
83
What is the remainder when 81 is divided by 65?
16
Calculate the remainder when 529 is divided by 70.
39
Calculate the remainder when 569 is divided by 17.
8
Calculate the remainder when 453 is divided by 179.
95
What is the remainder when 326 is divided by 77?
18
Calculate the remainder when 285 is divided by 12.
9
Calculate the remainder when 208 is divided by 24.
16
What is the remainder when 403 is divided by 4?
3
Calculate the remainder when 29 is divided by 10.
9
Calculate the remainder when 105 is divided by 28.
21
What is the remainder when 369 is divided by 20?
9
Calculate the remainder when 1505 is divided by 13.
10
Calculate the remainder when 154 is divided by 12.
10
What is the remainder when 2653 is divided by 45?
43
Calculate the remainder when 1004 is divided by 84.
80
Calculate the remainder when 1081 is divided by 170.
61
What is the remainder when 189 is divided by 5?
4
Calculate the remainder when 3282 is divided by 274.
268
What is the remainder when 539 is divided by 54?
53
Calculate the remainder when 106 is divided by 50.
6
What is the remainder when 7749 is divided by 136?
133
What is the remainder when 600 is divided by 10?
0
Calculate the remainder when 636 is divided by 7.
6
Calculate the remainder when 9 is divided by 5.
4
What is the remainder when 807 is divided by 16?
7
What is the remainder when 3024 is divided by 121?
120
Calculate the remainder when 2978 is divided by 11.
8
What is the remainder when 20444 is divided by 87?
86
Calculate the remainder when 61 is divided by 15.
1
Calculate the remainder when 1255 is divided by 47.
33
Calculate the remainder when 131 is divided by 130.
1
Calculate the remainder when 1951 is divided by 482.
23
Calculate the remainder when 426 is divided by 13.
10
Calculate the remainder when 197 is divided by 27.
8
Calculate the remainder when 703 is divided by 5.
3
Calculate the remainder when 460 is divided by 117.
109
Calculate the remainder when 2882 is divided by 21.
5
Calculate the remainder when 1087 is divided by 357.
16
What is the remainder when 12933 is divided by 223?
222
What is the remainder when 73 is divided by 71?
2
Calculate the remainder when 223 is divided by 96.
31
What is the remainder when 4150 is divided by 99?
91
What is the remainder when 215 is divided by 44?
39
Calculate the remainder when 1871 is divided by 144.
143
Calculate the remainder when 657 is divided by 66.
63
Calculate the remainder when 524 is divided by 16.
12
Calculate the remainder when 634 is divided by 49.
46
Calculate the remainder when 153 is divided by 11.
10
What is the remainder when 139 is divided by 44?
7
What is the remainder when 254 is divided by 59?
18
Calculate the remainder when 1820 is divided by 83.
77
Calculate the remainder when 48 is divided by 28.
20
Calculate the remainder when 48 is divided by 30.
18
What is the remainder when 204 is divided by 24?
12
Calculate the remainder when 131 is divided by 33.
32
What is the remainder when 174 is divided by 23?
